t h(m) = -m**3 + 8*m**2 - 7*m + 7. What is h(7)?
7
Let q(f) = f**3 + 6*f**2 + 4*f + 3. Determine q(-4).
19
Let d(o) = -o**3 - 7*o**2 + 7*o - 9. Calculate d(-8).
-1
Let q(s) = -s**3 + 6*s**2 + s + 4. What is q(6)?
10
Let k(o) = 104*o**3 + 2*o - 2. What is k(1)?
104
Let q(k) = 14*k + 59. Determine q(-4).
3
Let a(f) = -f**3 - 6*f**2 - 4*f. Give a(-5).
-5
Let t(m) = -4*m + 49. Calculate t(0).
49
Let u(s) = 17*s - 56. Calculate u(5).
29
Let i(l) = -l**3 + 9*l**2 + 4*l - 26. Calculate i(8).
70
Let t(x) = -x**2 - 6*x - 10. Give t(-5).
-5
Let n(l) = l**3 - 5*l**2 - 7*l + 8. What is n(5)?
-27
Let p(i) = -10*i**2 + 5*i - 4. Give p(1).
-9
Let x(c) = c**3 - 15*c**2 + 14*c + 13. Calculate x(14).
13
Let i(j) = -11*j + 7. Give i(-2).
29
Let s(r) = 2*r**3 - 118*r**2 + 118*r - 115. Calculate s(58).
1
Let o(m) = 2*m**3 - 5*m**2 + 6*m - 3. Determine o(2).
5
Let o(u) = u**3 - 10*u**2 + 18*u - 20. What is o(8)?
-4
Let f(i) = i**3 + 5*i**2 + 7*i + 27. What is f(-5)?
-8
Let p(s) = 42*s + 51. What is p(-1)?
9
Let a(p) = 4*p**2 - 1. Determine a(3).
35
Let n(b) = b**2 + 5*b - 14. Determine n(4).
22
Let p(n) = n**3 - 5*n**2 + 4*n - 1. What is p(4)?
-1
Let v(h) = -h - 3. Determine v(-10).
7
Let s(c) = -20*c + 205. What is s(10)?
5
Let g(b) = -6*b - 46. What is g(-8)?
2
Let c(s) = -s**3 - 22*s**2 - 23*s - 30. Determine c(-21).
12
Let w(p) = -p**2 - 37*p + 253. Determine w(6).
-5
Let y(c) = 2*c - 6. Give y(5).
4
Let v(a) = a**3 + 3*a**2 - 8*a - 7. Calculate v(-5).
-17
Let l(n) = -n**2 + 9*n + 9. What is l(10)?
-1
Let w(m) = -17*m. Determine w(-6).
102
Let d(m) = 2*m**2 + 4*m + 6. What is d(-5)?
36
Let d(l) = l**2 + 5*l + 6. What is d(-3)?
0
Let r(i) = -i**3 - 8*i**2 - 11*i - 15. Give r(-6).
-21
Let c(s) = -2*s**2 - 8*s + 4. Give c(-6).
-20
Let y(h) = h + 4. What is y(2)?
6
Let i(h) = h**3 - 13*h**2 - 12*h - 27. Determine i(14).
1
Let b(k) = k**3 - 9*k**2 + 6*k + 4. What is b(8)?
-12
Let y(t) = 11*t - 12. Calculate y(4).
32
Let i(l) = -l**2 - 5*l + 15. What is i(-8)?
-9
Let k(r) = r**2 - 55*r + 306. What is k(6)?
12
Let z(q) = -2*q + 66. Determine z(0).
66
Let t(v) = -3*v + 7. Determine t(7).
-14
Let i(h) = 2*h**2 + 2*h + 2. Calculate i(-6).
62
Let g(n) = 19*n + 76. Calculate g(-6).
-38
Let x(r) = -r - 13. Calculate x(7).
-20
Let v(u) = -u**3 + 5*u**2 + 13*u - 12. Calculate v(8).
-100
Let g(s) = 85*s**2 + 2*s. What is g(-1)?
83
Let h(x) = 6*x - 54. Calculate h(17).
48
Let t(f) = f + 1. Give t(6).
7
Let g(t) = t**2 - 13*t + 10. Calculate g(12).
-2
Let u(x) = -44*x + 353. Give u(8).
1
Let p(t) = -3*t - 5. What is p(9)?
-32
Let j(k) = -k**3 + 8*k**2 + 10*k - 8. Calculate j(9).
1
Let s(a) = -a**3 + 7*a**2 - 5*a + 5. Calculate s(6).
11
Let q(k) = -3*k + 10. Calculate q(-4).
22
Let b(w) = 10*w + 115. Give b(-13).
-15
Let c(o) = 11*o**2. What is c(-1)?
11
Let q(o) = 15*o + 190. Calculate q(-13).
-5
Let i(q) = 2*q**2 - 2. Calculate i(5).
48
Let x(v) = 10*v - 278. Calculate x(27).
-8
Let r(g) = -g - 115. Give r(8).
-123
Let g(r) = 31*r - 628. What is g(20)?
-8
Let d(u) = -u - 28. Give d(-14).
-14
Let j(f) = f**2 - 17*f + 30. What is j(13)?
-22
Let y(n) = n**3 + 43*n**2 - 136*n + 108. Calculate y(-46).
16
Let b(u) = -u**3 - 8*u**2 + 9*u - 2. What is b(-9)?
-2
Let q(n) = 16*n + 42. What is q(-3)?
-6
Let s(j) = j**3 + 5*j**2 - 51*j - 7. What is s(-10)?
3
Let k(n) = 24*n + 1. Determine k(-1).
-23
Let a(g) = g**3 - 23*g**2 - 22*g - 12. What is a(24)?
36
Let z(v) = -3*v**3 - 19*v**2 + 12*v - 9. What is z(-7)?
5
Let b(t) = t**3 - 3*t**2 + 3*t - 2. What is b(2)?
0
Let a(z) = z - 46. Give a(-12).
-58
Let l(o) = o - 6. Calculate l(7).
1
Let i(v) = -v**3 - 5*v**2 - 7*v + 1. What is i(-4)?
13
Let y(j) = -j**3 - 21*j**2 + 47*j + 17. Give y(-23).
-6
Let y(g) = 4*g - 4. Calculate y(10).
36
Let s(h) = -6*h**2 + h - 1. Calculate s(1).
-6
Let a(l) = 2*l**2 - 2*l - 5. Give a(5).
35
Let b(f) = 2*f + 13. Give b(-3).
7
Let a(r) = 2*r - 26. Calculate a(15).
4
Let k(w) = -w + 31. Give k(0).
31
Let x(t) = -t**2 + t + 6. Give x(4).
-6
Let x(g) = -4*g - 5. What is x(6)?
-29
Let u(y) = 3*y**2 + y - 16. What is u(-3)?
8
Let q(h) = -9*h**2 + 6*h - 7. What is q(4)?
-127
Let d(t) = -5*t + 78. Calculate d(15).
3
Let j(l) = l**3 + 19*l**2 - 12. Determine j(-19).
-12
Let j(z) = z**2 + 19*z - 155. Give j(6).
-5
Let l(o) = -o**3 - 10*o**2 + 4. Give l(-10).
4
Let d(t) = t**3 - 2*t**2 - 1. What is d(0)?
-1
Let w(f) = 2*f + 18. What is w(-8)?
2
Let j(q) = -q**3 - 15*q**2 + 17*q + 22. Determine j(-16).
6
Let u(a) = -a - 22. Determine u(-32).
10
Let d(m) = -4*m**2 - 16*m - 15. Give d(-1).
-3
Let k(b) = -4*b**2 + 2*b - 2. Calculate k(2).
-14
Let a(h) = -h - 11. Calculate a(-8).
-3
Let z(o) = 2*o**2 + 2*o - 2. Give z(-2).
2
Let l(v) = -v**3 + 2*v**2 + 3*v - 1. What is l(5)?
-61
Let w(v) = -v**3 + 7*v**2 - 5*v - 3. Give w(6).
3
Let y(k) = 4*k**2 - k + 2. Give y(0).
2
Let l(f) = -66*f + 1. Determine l(1).
-65
Let n(h) = -h**3 - 6*h**2 + 10*h - 1. Calculate n(-8).
47
Let p(t) = t**2 - 11*t - 49. Give p(17).
53
Let d(u) = u**3 - 3*u**2 - 2*u + 5. Determine d(3).
-1
Let t(x) = 142*x - 558. Give t(4).
10
Let s(m) = -m**3 - 4*m**2 - 6*m - 7. What is s(-2)?
-3
Let q(o) = o**2 + o - 61. What is q(0)?
-61
Let i(k) = -3*k + 7. Give i(-10).
37
Let a(j) = -2*j - 15. Give a(-5).
-5
Let v(r) = -2*r**2 - 23*r + 16. Give v(-12).
4
Let f(r) = -r**2 + 2*r - 7. What is f(-4)?
-31
Let z(o) = -o**3 - 6*o**2 - 2*o. What is z(-5)?
-15
Let m(i) = 2*i**2 - 7*i - 100. Determine m(-5).
-15
Let f(w) = -w**2 - 6*w + 16. Calculate f(-8).
0
Let m(p) = 4*p + 7. Give m(-3).
-5
Let f(v) = -14*v + 111. Give f(7).
13
Let z(y) = -y**2 + 17*y + 15. What is z(17)?
15
Let o(w) = w**3 - 31*w**2 - 66*w + 13. Calculate o(33).
13
Let q(a) = a**3 + 9*a**2 - 13*a - 34. Determine q(-10).
-4
Let h(x) = -6*x**2 + x - 1. Calculate h(2).
-23
Let x(l) = 11*l - 29. Determine x(2).
-7
Let k(z) = -z**3 - 10*z**2 - 6*z + 17. Calculate k(-9).
-10
Let d(w) = w**3 + 3*w**2 - 3*w + 4. Give d(-5).
-31
Let d(g) = 12*g**2 - 2*g + 1. Give d(-1).
15
Let f(m) = m**3 - 17*m**2 + 17*m + 12. Determine f(16).
28
Let b(q) = 4*q**2 + 76*q + 20. What is b(-18)?
-52
Let n(v) = v**3 - v**2 - 9. Calculate n(0).
-9
Let k(a) = 34*a**3 - a**2 + 2*a + 2. Calculate k(-1).
-35
Let n(h) = h**3 + 13*h**2 + 10*h - 22. What is n(-12)?
2
Let u(m) = m**2 + 6*m - 35. Determine u(-10).
5
Let f(c) = -3*c + 36. Determine f(6).
18
Let p(q) = -3*q - 11. What is p(-7)?
10
Let g(v) = -v**3 - v**2 + v - 23. Calculate g(0).
-23
Let n(v) = -7*v - 86. What is n(-11)?
-9
Let a(o) = -o**2 + 14*o - 4. Calculate a(16).
-36
Let c(x) = x**2 + 10*x + 8. Calculate c(-6).
-16
Let c(d) = 2*d**2 + 26*d + 95. Give c(-7).
11
Let z(r) = -39*r + 1. Determine z(0).
1
Let h(g) = g**3 - 22*g**2 + 21*g + 3. Determine h(21).
3
Let k(c) = c**2 + 2*c - 5. Determine k(-5).
10
Let d(i) = 2*i + 7. Give d(4).
15
Let t(m) = 2*m**3 - 2*m**2 - m + 3. What is t(-3)?
-66
Let w(o) = -o + 1. Calculate w(5).
-4
Let s(i) = 2*i - 14. Determine s(7).
0
Let j(k) = -k**3 + 15*k**2 + 2*k - 27. Give j(15).
3
Let d(z) = z**2 - 18*z + 72. Calculate d(14).
16
Let z(b) = b**2 - 56. Calculate z(0).
-56
Let z(w) = -9*w + 58. Determine z(5).
13
Let q(o) = -9*o**2 + 9*o - 15. Determine q(3).
-69
Let b(o) = -o**3 + 8*o**2 - 14*o - 4. Give b(6).
-16
Let q(k) = k**3 - 14*k**2 - 21*k + 68. Give q(15).
-22
Let y(g) = g**3 - 9*g**2 - 2*g + 13. What is y(9)?
-5
Let u(n) = -3*n**2 + 119*n - 29. Determine u(39).
49
Let x(m) = m**3 + 14*m**2 + 36*m - 1. Calculate x(-11).
-34
Let d(l) = -13*l - 5. What is d(-3)?
34
Let q(a) = -a**2 - 2*a + 6. Determine q(-5).
-9
Let o(x) = -2*x - 3. What is o(-6)?
9
Let v(q) = -2*q**3 + 149*q**2 - 77*q + 229. Calculate v(74).
7
Let p(k) = k**3 + 50*k**2 - 3*k - 138. Calculate p(-50).
12
Let y(h) = -h**3 - 8*h**2 + 22*h + 22. Calculate y(-10).
2
Let h(r) = 8*r + 36. Determine h(14).
148
Let j(c) = c**2 + c - 73. What is j(7)?
-17
Let j(m) = -5*m**2 - 4*m + 3. Determine j(3).
-54
Let t(k) = 2*k**2 - 5*k + 4. What is t(3)?
7
Let o(q) = -q**3 - 9*q**2 - 17*q + 1. Give o(-8).
73
Let x(m) = m**2 - 17*m - 22. Give x(18).
-4
Let y(z) = -z**3 + 4*z**2 + 4. Determine y(3).
13
Let o(v) = 5*v + 38. Give o(-9).
-7
Let g(h) = h**3 - 17*h**2 + 5. Calculate g(17).
5
Let c(o) = 5*o. Determine c(-10).
-50
Let a(r) = -9*r + 85. Determine a(10).
-5
Let j(u) = u**2 